rs of y.
2
Let a be (-4)/3*63/(-6). Let m be (-6)/21 + 116/a. Suppose -p + m - 6 = 0. List the prime factors of p.
2
Let n = 623 + -299. What are the prime factors of n?
2, 3
Let g(h) = -2*h + 21. List the prime factors of g(-15).
3, 17
Suppose 0 = 3*j + 9 - 21. Suppose 21 = n + j. What are the prime factors of n?
17
List the prime factors of (-12)/(-9)*(-171)/(-6).
2, 19
Suppose 3*j = -3*y - y + 13, 5*y + 2*j - 18 = 0. Suppose 28 = 6*p - 2*p + y*r, -2*r = -p + 4. Let v = 9 - p. What are the prime factors of v?
3
Suppose 5 = l, -2*l - 39 = -3*y - 5*l. Let p(z) = 2*z - 2. Let m be p(y). Suppose 2*d + m = 4*d. List the prime factors of d.
7
Suppose 5*k + 499 = a, 505 = -5*k - 4*a - a. What are the prime factors of (-40)/k - 218/(-5)?
2, 11
Let f(r) = r**2 + 2*r - 5. Let u be f(-4). Suppose z + 12 = u*s, 5*z + 0*z - 2*s = -8. Suppose z = -g + 12 + 5. What are the prime factors of g?
17
Let s be (3/(-2))/((-3)/(-4)). Let t be s + (-2)/((-6)/15). Let f(m) = -m**3 + 4*m**2. What are the prime factors of f(t)?
3
Let y(p) = -20*p + 4. List the prime factors of y(-6).
2, 31
Suppose -m + h = -48, 64 = 3*m - 2*h - 75. List the prime factors of m.
43
Let n be (16/10)/(12/90). Suppose z + n = 4*z. List the prime factors of z.
2
Suppose 5*x + 25 = 0, -3*x + 25 = 3*f - 8*x. Let h(o) = o**3 + o**2 + o + 34. What are the prime factors of h(f)?
2, 17
Let y be (-1)/(-2) - (-10)/4. Suppose 2*p + 29 = y*c - 2*p, -p = 5*c - 10. Suppose c*q - 40 = -2*q. What are the prime factors of q?
2
What are the prime factors of (-8 - -7)*(-131 + 0/1)?
131
Let z be (-1)/(-3) - 51/(-9). Suppose -2*m - 2*y - z = 0, -2 = -m + 2*y + 4. Suppose -4*a - 3 + 51 = m. List the prime factors of a.
2, 3
Suppose -5*u = -3*j - 1026, -6*u + 4*u + 414 = -3*j. What are the prime factors of u?
2, 3, 17
Let b = 181 - 123. List the prime factors of b.
2, 29
Suppose -11*g - 468 = -17*g. List the prime factors of g.
2, 3, 13
Suppose -3*y = q - 20, -3*y + 0*q = -q - 16. Let b = 14 + y. What are the prime factors of b?
2, 5
Let b(r) = r**2 + r + 1. Let h(y) = -7*y**2 + 6*y - 21. Let q = -5 + 6. Let j(i) = q*h(i) + 6*b(i). What are the prime factors of j(10)?
5
Suppose -a + 0 + 17 = -h, -5*a = -2*h - 97. Suppose -b - a = -2*b. What are the prime factors of b?
3, 7
Suppose a - 5*b = 162, -4*a + 758 = -0*b + 2*b. Suppose -4*s + a = 27. List the prime factors of s.
2, 5
Let h(k) = -k**3 - 3*k**2 - 2*k + 1. List the prime factors of h(-4).
5
Suppose -3*j + 8 = 2. Suppose 3*a + 0*a - 92 = 4*v, a - 30 = j*v. Suppose -l - 4*l = 2*p - 92, l = 3*p + a. List the prime factors of l.
2, 5
Let d = 9 - 9. Suppose v + v = d. Suppose -4*p - s + v = -39, 0 = -2*p + 4*s + 6. List the prime factors of p.
3
Let w(f) = f + 6. Let p be w(-6). Let i = p - 7. Let o = 15 + i. List the prime factors of o.
2
Let r = 109 - -22. Suppose 3*b - 140 = -2*b + 5*f, -r = -5*b + 2*f. Let x = -15 + b. List the prime factors of x.
2, 5
List the prime factors of (2*3/(-2))/((-21)/1400).
2, 5
Let i = -19 - -32. What are the prime factors of (i + -4)*4/2?
2, 3
Suppose 3*n - 8 = n. Suppose 0 = n*a - 9 - 11, k + 5*a = 26. What are the prime factors of 6 - 4 - (k - 16)?
17
Let g(c) = c**3 - 6*c**2 - 21*c - 8. List the prime factors of g(10).
2, 7, 13
Let g = -4 - -15. Let o = 1 + g. List the prime factors of o.
2, 3
Let o(y) = y**3 - 5*y**2 - 1. List the prime factors of o(6).
5, 7
Let t(c) = 4*c**2 + 3*c - 33. List the prime factors of t(-8).
199
Let w(u) = u**3 + 5*u**2 - 6*u + 4. Let s be w(-6). Let b = 19 + s. What are the prime factors of b?
23
Suppose 0*l - 2*l + 904 = 4*a, -l = -3*a + 683. What are the prime factors of a?
227
Suppose w + 3 = u, 4*u + 0*w - w - 9 = 0. Suppose 6*l = u*l - 5*i + 176, 0 = 4*i. Suppose -l = -5*g + g. List the prime factors of g.
11
Suppose h + 3*h - m = 128, 0 = h + 3*m - 32. What are the prime factors of h?
2
Let m = -205 - -348. What are the prime factors of m?
11, 13
Let b(c) = 54*c - 6. List the prime factors of b(2).
2, 3, 17
Suppose -15 = -7*s + 2*s. Suppose -a + 0 = s. What are the prime factors of a/6 - (-46)/4?
11
Let a = -20 + 47. List the prime factors of a.
3
Suppose -3*z - 5 = -4*z, -23 = 2*n - z. Let w = n + 16. What are the prime factors of w?
7
Let y be (-2 + 6/9)*3. Let a(q) = q + 8. What are the prime factors of a(y)?
2
Let b(f) = f**3 + 6*f**2 + 3*f - 3. Let p be (-3)/1 - 5/5. Let k be b(p). Let o = k - 9. What are the prime factors of o?
2
Let u = -77 - -129. List the prime factors of u.
2, 13
Suppose -2*o - 3 - 1 = 0. Let j(k) = -k**2 + 4*k + 3. Let c be j(-2). Let t = o - c. List the prime factors of t.
7
Let s = -6 - -10. Suppose -3*p - 2*m + 3 = -20, 4*m - 21 = -p. Suppose -p*y + s*y + 7 = 0. List the prime factors of y.
7
Let h = 480 + -302. What are the prime factors of h?
2, 89
Let t(m) = -m**2 - 16*m - 10. Let a(h) = 2*h**2 + 33*h + 21. Let o(c) = 3*a(c) + 7*t(c). List the prime factors of o(-7).
5, 7
Suppose 5*f - 2 = 4*f. Suppose -2*k + 6*k = 8, 0 = i - 3*k + f. What are the prime factors of i?
2
Let l = 335 - -79. List the prime factors of l.
2, 3, 23
Suppose -2*b + 13 = -2*t - 3*t, 2*t - 2 = 2*b. Let d(p) = -p**2 - 8*p - 8. What are the prime factors of d(b)?
2
Let n(y) = y**2 - 10*y + 3. Let d(h) = -h**3 - 7*h**2 - 8*h - 2. Let r be d(-6). List the prime factors of n(r).
3
List the prime factors of (1*-192)/4*(-7)/2.
2, 3, 7
Suppose 5*b = -13 - 12. Let f = b + -2. Let d = f + 11. What are the prime factors of d?
2
Suppose 15 = 5*y + 3*s - 0*s, 3*y - 10 = -2*s. Suppose 5*h = y, -4*g + 116 = -h - 4*h. List the prime factors of g.
29
Let s be (-1819)/255 + (-4)/(-30). Let l(c) = 2*c**2 + 11*c + 8. List the prime factors of l(s).
29
Let t = -18 - -20. Suppose t*m = 32 + 68. List the prime factors of m.
2, 5
Suppose 15 = 3*n + 2*n. Suppose h - n*h = -30. What are the prime factors of h?
3, 5
Suppose 2*y - 12 = 4*t - 2*t, 0 = y - 2*t - 7. Suppose 0*c + y*c = 0. What are the prime factors of -1 + c + 1*9?
2
Let q(b) = -47*b**3 - b - 1. What are the prime factors of q(-1)?
47
Suppose -3*z + 115 = -47. Suppose z = -2*d + 5*d. List the prime factors of d.
2, 3
Let d(n) = -5*n**2 - 1. Let r be d(2). Let w = r + 38. What are the prime factors of w?
17
Let z(n) = 3*n**2 + 3*n + 4. Let o be z(3). Suppose o = 4*s - 3*a, 2*s - 20 = a + 3*a. What are the prime factors of s?
2, 5
Suppose 5*i = -5*w + 575, 2*w - 3 - 7 = 0. List the prime factors of i.
2, 5, 11
Let h = 3 - 1. Let u = 1 - 1. Let g = u + h. What are the prime factors of g?
2
Suppose 5*l - 2*r + r = 720, -5*l + 2*r + 715 = 0. What are the prime factors of l?
5, 29
Let h = -2 - -5. Suppose 0 = -h*x - 2*x + 25. List the prime factors of x.
5
Suppose 0 = 4*h - 9*h + 5. Let n be h + (-2 - -19) - 0. Let a = n + -13. List the prime factors of a.
5
What are the prime factors of 229/3 - (-24)/36?
7, 11
Suppose -x = -5*x. Let n be (x - 1)*(-3 + 0). Suppose n*f - 21 = -0*f. List the prime factors of f.
7
Let f = -3 + 5. Suppose -o = f*t - 69, -4*t + o = -17 - 112. What are the prime factors of t?
3, 11
Let m be (4 + 0)*30/24. Suppose 5*p = 4*v + 96, 10*p - m*p - 92 = 3*v. What are the prime factors of p?
2
Let i = -42 - -65. Let a = i + -16. Let f = 6 + a. List the prime factors of f.
13
Let d = -92 + 159. List the prime factors of d.
67
Let k(m) = -93*m**3 + m**2 + m. List the prime factors of k(-1).
3, 31
Let v(f) = -3*f + 2. Let k(x) = x. Let m(u) = -k(u) - v(u). Let n be m(8). What are the prime factors of n/(-3)*15/(-10)?
7
Let q(o) = o - 6. Let s be q(8). Suppose 7 = 4*u - 9, 4*l - s*u = 0. Suppose -l*z + 4 = 0, 44 = 3*p + 2*p - 3*z. List the prime factors of p.
2, 5
Suppose 5*h - 388 = x, 0 = -5*h + 2*h - 4*x + 242. What are the prime factors of h?
2, 3, 13
What are the prime factors of ((-2)/(-1))/((-2)/(-59) + 0)?
59
List the prime factors of ((1/2)/1)/(1/362).
181
Let p = -1 + 4. Let z = -1 + p. Suppose -5*f + 4*w - z*w + 63 = 0, -3*f = w - 29. What are the prime factors of f?
11
Let i be 2/(-4)*(-3 - 7). Suppose -i*k + k + 124 = 4*d, 0 = d + 1. What are the prime factors of k?
2
Suppose 0*o - 5*o - u - 5 = 0, 10 = 2*o - 2*u. Suppose j + 2*t - 4*t - 1 = o, -3*j + 10 = t. Let m(x) = 3*x**2 - 5*x + 2. List the prime factors of m(j).
2, 7
Let z(u) be the first derivative of -u**3/3 + 2*u**2 - 1. Let a be z(4). Suppose 2*p = -a*p + 